{"id":1432,"date":"2018-09-14T13:50:03","date_gmt":"2018-09-14T13:50:03","guid":{"rendered":"http:\/\/190.171.132.13\/departamento_fisica\/?page_id=1432"},"modified":"2021-12-02T12:59:56","modified_gmt":"2021-12-02T15:59:56","slug":"publicaciones","status":"publish","type":"page","link":"https:\/\/salud.uda.cl\/ergonomia\/publicaciones\/","title":{"rendered":"L\u00edneas de Investigaci\u00f3n"},"content":{"rendered":"<p>[et_pb_section fb_built=&#8221;1&#8243; admin_label=&#8221;section&#8221; _builder_version=&#8221;3.0.47&#8243; custom_padding=&#8221;54px|0px|10px|0px|false|false&#8221;][et_pb_row custom_padding=&#8221;76px|0|5px|0px|false|false&#8221; admin_label=&#8221;row&#8221; _builder_version=&#8221;3.19.1&#8243; background_size=&#8221;initial&#8221; background_position=&#8221;top_left&#8221; background_repeat=&#8221;repeat&#8221;][et_pb_column type=&#8221;1_2&#8243; _builder_version=&#8221;3.19.1&#8243; parallax=&#8221;off&#8221; parallax_method=&#8221;on&#8221;][et_pb_text _builder_version=&#8221;3.19.1&#8243;]<\/p>\n<h2><span style=\"color: #ffcc00;\"><strong>Lineas de investigaci\u00f3n<\/strong><\/span><\/h2>\n<p>[\/et_pb_text][\/et_pb_column][et_pb_column type=&#8221;1_2&#8243; _builder_version=&#8221;3.19.1&#8243; parallax=&#8221;off&#8221; parallax_method=&#8221;on&#8221;][\/et_pb_column][\/et_pb_row][et_pb_row _builder_version=&#8221;3.19.1&#8243;][et_pb_column type=&#8221;4_4&#8243; _builder_version=&#8221;3.19.1&#8243; parallax=&#8221;off&#8221; parallax_method=&#8221;on&#8221;][et_pb_text _builder_version=&#8221;3.19.1&#8243;]<\/p>\n<p><span style=\"font-size: medium;\">El Programa de Ergonom\u00eda trabaja en investigaciones que tributan a las l\u00edneas recientemente creadas del Departamento de Kinesiolog\u00eda:\u00a0 L2 Ergonom\u00eda y L3 Salud Ocupacional seg\u00fan la Res. Ex. N\u00b0 18 Reg C 2021 de la Vicerrector\u00eda de Investigaci\u00f3n y Post grados (VRIP) de la Universidad de Atacama<\/span><\/p>\n<p>[\/et_pb_text][\/et_pb_column][\/et_pb_row][\/et_pb_section][et_pb_section fb_built=&#8221;1&#8243; _builder_version=&#8221;3.19.1&#8243; custom_padding=&#8221;32px|0px|0|0px|false|false&#8221;][et_pb_row custom_padding=&#8221;27px|0px|0|0px|false|false&#8221; _builder_version=&#8221;3.19.1&#8243;][et_pb_column type=&#8221;4_4&#8243; _builder_version=&#8221;3.19.1&#8243; parallax=&#8221;off&#8221; parallax_method=&#8221;on&#8221;][et_pb_text _builder_version=&#8221;3.19.1&#8243;]<\/p>\n<p><span style=\"font-family: inherit; font-weight: normal; font-size: x-large;\"><strong><span style=\"color: #e09c0b;\">\u00c1reas de investigaci\u00f3n<\/span>\u00a0<\/strong><\/span><\/p>\n<p>[\/et_pb_text][\/et_pb_column][\/et_pb_row][et_pb_row custom_padding=&#8221;45px|0px|0|0px|false|false&#8221; _builder_version=&#8221;3.19.1&#8243;][et_pb_column type=&#8221;4_4&#8243; _builder_version=&#8221;3.19.1&#8243; parallax=&#8221;off&#8221; parallax_method=&#8221;on&#8221;][et_pb_text _builder_version=&#8221;3.19.1&#8243;]<\/p>\n<ul>\n<li><span style=\"font-size: medium; font-family: inherit;\"><strong>Organizaci\u00f3n del trabajo y el impacto en la Salud y Seguridad de los trabajadores<\/strong><\/span><\/li>\n<\/ul>\n<p>.<\/p>\n<p>[\/et_pb_text][\/et_pb_column][\/et_pb_row][et_pb_row custom_padding=&#8221;0|0px|35px|0px|false|false&#8221; _builder_version=&#8221;3.19.1&#8243;][et_pb_column type=&#8221;4_4&#8243; _builder_version=&#8221;3.19.1&#8243; parallax=&#8221;off&#8221; parallax_method=&#8221;on&#8221;][et_pb_text _builder_version=&#8221;3.19.1&#8243;]<\/p>\n<ul>\n<li><span style=\"font-size: medium;\"><strong>Ergonom\u00eda y G\u00e9nero<\/strong><\/span><\/li>\n<\/ul>\n<p><span style=\"font-size: large;\"><strong><\/strong><\/span><\/p>\n<p><span style=\"font-size: large;\"><strong><\/strong><\/span><\/p>\n<ul>\n<li><span style=\"font-size: medium;\"><strong>Formaci\u00f3n en ergonom\u00eda<\/strong><\/span><\/li>\n<\/ul>\n<p><span style=\"font-size: large;\"><strong><\/strong><\/span><\/p>\n<p>[\/et_pb_text][\/et_pb_column][\/et_pb_row][et_pb_row custom_padding=&#8221;0|0px|4px|0px|false|false&#8221; _builder_version=&#8221;3.19.1&#8243;][et_pb_column type=&#8221;4_4&#8243; _builder_version=&#8221;3.19.1&#8243; parallax=&#8221;off&#8221; parallax_method=&#8221;on&#8221;][et_pb_text _builder_version=&#8221;3.19.1&#8243;]<\/p>\n<ul>\n<li><span style=\"font-size: medium;\"><strong>Fisiolog\u00eda del trabajo<\/strong><\/span><\/li>\n<\/ul>\n<p>[\/et_pb_text][\/et_pb_column][\/et_pb_row][et_pb_row _builder_version=&#8221;3.19.1&#8243;][et_pb_column type=&#8221;4_4&#8243; _builder_version=&#8221;3.19.1&#8243; parallax=&#8221;off&#8221; parallax_method=&#8221;on&#8221;][et_pb_text _builder_version=&#8221;3.19.1&#8243;]<\/p>\n<ul>\n<li><span style=\"font-size: medium;\"><strong>Ergonom\u00eda y Sindicalismo<\/strong><\/span><\/li>\n<\/ul>\n<p>[\/et_pb_text][\/et_pb_column][\/et_pb_row][et_pb_row _builder_version=&#8221;3.19.1&#8243;][et_pb_column type=&#8221;4_4&#8243; _builder_version=&#8221;3.19.1&#8243; parallax=&#8221;off&#8221; parallax_method=&#8221;on&#8221;][et_pb_text _builder_version=&#8221;3.19.1&#8243;]<\/p>\n<ul>\n<li><span style=\"font-size: medium;\"><strong>Antropometr\u00eda y Biomec\u00e1nica Ocupacional<\/strong><\/span><\/li>\n<\/ul>\n<p>[\/et_pb_text][\/et_pb_column][\/et_pb_row][et_pb_row _builder_version=&#8221;3.19.1&#8243;][et_pb_column type=&#8221;4_4&#8243; _builder_version=&#8221;3.19.1&#8243; parallax=&#8221;off&#8221; parallax_method=&#8221;on&#8221;][et_pb_text _builder_version=&#8221;3.19.1&#8243;]<\/p>\n<p><span style=\"font-size: x-large; color: #e09900;\"><strong>Proyectos de investigaci\u00f3n en curso<\/strong><\/span><\/p>\n<p>[\/et_pb_text][\/et_pb_column][\/et_pb_row][et_pb_row custom_padding=&#8221;27px|0px|0|0|false|false&#8221; _builder_version=&#8221;3.19.1&#8243;][et_pb_column type=&#8221;1_2&#8243; _builder_version=&#8221;3.19.1&#8243; parallax=&#8221;off&#8221; parallax_method=&#8221;on&#8221;][et_pb_text _builder_version=&#8221;3.19.1&#8243; inline_fonts=&#8221;Times New Roman,Georgia&#8221;]<\/p>\n<p><span style=\"font-size: x-large;\"><b>1)DIUDA ATA22376<\/b><\/span><\/p>\n<p><span style=\"font-size: x-large;\">\u00a0<\/span><span style=\"background-color: #ffffff; font-size: x-large;\">T\u00edtulo del proyecto de investigaci\u00f3n DIUDA ATA 22376:<\/span><\/p>\n<p><em style=\"font-size: 24px; font-weight: bold;\">\u201cLas condiciones de trabajo en establecimientos educacionales: una investigaci\u00f3n en Ergonom\u00eda y G\u00e9nero\u201d<\/em><\/p>\n<p><span style=\"font-size: x-large;\">Investigadora responsable:\u00a0<em>Mg. Pamela Astudillo Cornejo.\u00a0<\/em><\/span><\/p>\n<p><span style=\"font-size: x-large;\">Co-investigador:\u00a0<em>Mg. Carlos Ibarra Villanueva.\u00a0<\/em><\/span><\/p>\n<p><span style=\"font-size: x-large;\"><\/span><\/p>\n<p>[\/et_pb_text][\/et_pb_column][et_pb_column type=&#8221;1_6&#8243; _builder_version=&#8221;3.19.1&#8243; parallax=&#8221;off&#8221; parallax_method=&#8221;on&#8221;][et_pb_gallery gallery_ids=&#8221;2811&#8243; _builder_version=&#8221;3.19.1&#8243;][\/et_pb_gallery][\/et_pb_column][et_pb_column type=&#8221;1_6&#8243; _builder_version=&#8221;3.19.1&#8243; parallax=&#8221;off&#8221; parallax_method=&#8221;on&#8221;][et_pb_gallery gallery_ids=&#8221;2808&#8243; _builder_version=&#8221;3.19.1&#8243;][\/et_pb_gallery][\/et_pb_column][et_pb_column type=&#8221;1_6&#8243; _builder_version=&#8221;3.19.1&#8243; parallax=&#8221;off&#8221; parallax_method=&#8221;on&#8221;][\/et_pb_column][\/et_pb_row][et_pb_row _builder_version=&#8221;3.19.1&#8243;][et_pb_column type=&#8221;4_4&#8243; _builder_version=&#8221;3.19.1&#8243; parallax=&#8221;off&#8221; parallax_method=&#8221;on&#8221;][et_pb_text _builder_version=&#8221;3.19.1&#8243;]<\/p>\n<p><span style=\"font-family: inherit; font-weight: normal; font-size: medium;\"><strong><em>2)\u00a0<span class=\"il\">DIUDA<\/span>\u00a022395<\/em><\/strong><\/span><\/p>\n<p><span style=\"font-family: inherit; font-weight: normal; font-size: medium;\"><strong><em>\u201cDiagn\u00f3stico ergon\u00f3mico del riesgo de\u00a0 Trastornos m\u00fasculo-esquel\u00e9ticos en trabajadores de micro y peque\u00f1as empresas de la ciudad de Copiap\u00f3: Una investigaci\u00f3n-acci\u00f3n para la transformaci\u00f3n del trabajo.<\/em><\/strong><\/span><\/p>\n<p><span style=\"font-family: inherit; font-weight: normal; font-size: x-large;\"><\/span><\/p>\n<p><span style=\"font-family: inherit; font-weight: normal; font-size: medium;\">Investigador responsable:\u00a0<b><\/b>Mg. Carlos Ibarra Villanueva<\/span><\/p>\n<p><span style=\"font-family: inherit; font-weight: normal; font-size: medium;\">Co-investigadora: .\u00a0Mg. Pamela Astudillo Cornejo.\u00a0<\/span><\/p>\n<p><span style=\"font-size: x-large;\"><strong><\/strong><\/span><\/p>\n<p>[\/et_pb_text][\/et_pb_column][\/et_pb_row][et_pb_row _builder_version=&#8221;3.19.1&#8243; custom_padding=&#8221;27px|0px|27px|0|false|false&#8221;][et_pb_column type=&#8221;4_4&#8243; _builder_version=&#8221;3.19.1&#8243; parallax=&#8221;off&#8221; parallax_method=&#8221;on&#8221;][et_pb_text _builder_version=&#8221;3.19.1&#8243;]<\/p>\n<p><span style=\"font-size: medium;\"><strong>3)Adjudicaci\u00f3n de Proyectos de investigaci\u00f3n e innovaci\u00f3n en prevenci\u00f3n de accidentes y enfermedades profesionales SUSESO\u00a0<\/strong><\/span><\/p>\n<p><span style=\"font-size: medium;\"><strong>Comprender la cultura preventiva en educaci\u00f3n: diagn\u00f3stico sobre la prevenci\u00f3n de riesgos en escuelas adheridas al Instituto de Seguridad Laboral.<\/strong><\/span><\/p>\n<p><span style=\"font-size: medium;\"><strong><\/strong><\/span><\/p>\n<p><span style=\"font-size: medium;\">Investigadora principal: Mg. Pamela Astudillo Cornejo, Departamento de Kinesiolog\u00eda<\/span><\/p>\n<p><span style=\"font-size: medium;\">Investigador alterno: Mg. Carlos Ibarra Villanueva, Departamento de Kinesiolog\u00eda<\/span><\/p>\n<p><span style=\"font-size: medium;\">Investigador: Dr. Ricardo Jorquera Departamento de Psicolog\u00eda<\/span><\/p>\n<p><span style=\"font-size: medium;\">\u00a0<\/span><\/p>\n<p><span style=\"font-size: x-large;\"><strong><\/strong><\/span><\/p>\n<p>[\/et_pb_text][\/et_pb_column][\/et_pb_row][\/et_pb_section][et_pb_section fb_built=&#8221;1&#8243; _builder_version=&#8221;3.19.1&#8243; custom_padding=&#8221;0|0px|54px|0px|false|false&#8221;][\/et_pb_section][et_pb_section fb_built=&#8221;1&#8243; _builder_version=&#8221;3.19.1&#8243; custom_padding=&#8221;0|0px|0|0px|false|false&#8221;][\/et_pb_section]<\/p>\n","protected":false},"excerpt":{"rendered":"<p>[et_pb_section fb_built=&#8221;1&#8243; admin_label=&#8221;section&#8221; _builder_version=&#8221;3.0.47&#8243; custom_padding=&#8221;54px|0px|10px|0px|false|false&#8221;][et_pb_row custom_padding=&#8221;76px|0|5px|0px|false|false&#8221; admin_label=&#8221;row&#8221; _builder_version=&#8221;3.19.1&#8243; background_size=&#8221;initial&#8221; background_position=&#8221;top_left&#8221; background_repeat=&#8221;repeat&#8221;][et_pb_column type=&#8221;1_2&#8243; _builder_version=&#8221;3.19.1&#8243; parallax=&#8221;off&#8221; parallax_method=&#8221;on&#8221;][et_pb_text _builder_version=&#8221;3.19.1&#8243;] Lineas de investigaci\u00f3n [\/et_pb_text][\/et_pb_column][et_pb_column type=&#8221;1_2&#8243; _builder_version=&#8221;3.19.1&#8243; parallax=&#8221;off&#8221; parallax_method=&#8221;on&#8221;][\/et_pb_column][\/et_pb_row][et_pb_row _builder_version=&#8221;3.19.1&#8243;][et_pb_column type=&#8221;4_4&#8243; _builder_version=&#8221;3.19.1&#8243; parallax=&#8221;off&#8221; parallax_method=&#8221;on&#8221;][et_pb_text _builder_version=&#8221;3.19.1&#8243;] El Programa de Ergonom\u00eda trabaja en investigaciones que tributan a las l\u00edneas recientemente creadas del Departamento de Kinesiolog\u00eda:\u00a0 L2 Ergonom\u00eda y L3 Salud Ocupacional seg\u00fan [&hellip;]<\/p>\n","protected":false},"author":3,"featured_media":0,"parent":0,"menu_order":0,"comment_status":"closed","ping_status":"closed","template":"","meta":{"_et_pb_use_builder":"on","_et_pb_old_content":""},"_links":{"self":[{"href":"https:\/\/salud.uda.cl\/ergonomia\/wp-json\/wp\/v2\/pages\/1432"}],"collection":[{"href":"https:\/\/salud.uda.cl\/ergonomia\/wp-json\/wp\/v2\/pages"}],"about":[{"href":"https:\/\/salud.uda.cl\/ergonomia\/wp-json\/wp\/v2\/types\/page"}],"author":[{"embeddable":true,"href":"https:\/\/salud.uda.cl\/ergonomia\/wp-json\/wp\/v2\/users\/3"}],"replies":[{"embeddable":true,"href":"https:\/\/salud.uda.cl\/ergonomia\/wp-json\/wp\/v2\/comments?post=1432"}],"version-history":[{"count":26,"href":"https:\/\/salud.uda.cl\/ergonomia\/wp-json\/wp\/v2\/pages\/1432\/revisions"}],"predecessor-version":[{"id":2832,"href":"https:\/\/salud.uda.cl\/ergonomia\/wp-json\/wp\/v2\/pages\/1432\/revisions\/2832"}],"wp:attachment":[{"href":"https:\/\/salud.uda.cl\/ergonomia\/wp-json\/wp\/v2\/media?parent=1432"}],"curies":[{"name":"wp","href":"https:\/\/api.w.org\/{rel}","templated":true}]}}

Líneas de Investigación

<p>[et_pb_section fb_built=&#8221;1&#8243; admin_label=&#8221;section&#8221; _builder_version=&#8221;3.0.47&#8243; custom_padding=&#8221;54px|0px|10px|0px|false|false&#8221;][et_pb_row custom_padding=&#8221;76px|0|5px|0px|false|false&#8221; admin_label=&#8221;row&#8221; _builder_version=&#8221;3.19.1&#8243; background_size=&#8221;initial&#8221; background_position=&#8221;top_left&#8221; background_repeat=&#8221;repeat&#8221;][et_pb_column type=&#8221;1_2&#8243; _builder_version=&#8221;3.19.1&#8243; parallax=&#8221;off&#8221; parallax_method=&#8221;on&#8221;][et_pb_text _builder_version=&#8221;3.19.1&#8243;]</p>
<h2><span style="color: #ffcc00;"><strong>Lineas de investigación</strong></span></h2>
<p>[/et_pb_text][/et_pb_column][et_pb_column type=&#8221;1_2&#8243; _builder_version=&#8221;3.19.1&#8243; parallax=&#8221;off&#8221; parallax_method=&#8221;on&#8221;][/et_pb_column][/et_pb_row][et_pb_row _builder_version=&#8221;3.19.1&#8243;][et_pb_column type=&#8221;4_4&#8243; _builder_version=&#8221;3.19.1&#8243; parallax=&#8221;off&#8221; parallax_method=&#8221;on&#8221;][et_pb_text _builder_version=&#8221;3.19.1&#8243;]</p>
<p><span style="font-size: medium;">El Programa de Ergonomía trabaja en investigaciones que tributan a las líneas recientemente creadas del Departamento de Kinesiología:  L2 Ergonomía y L3 Salud Ocupacional según la Res. Ex. N° 18 Reg C 2021 de la Vicerrectoría de Investigación y Post grados (VRIP) de la Universidad de Atacama</span></p>
<p>[/et_pb_text][/et_pb_column][/et_pb_row][/et_pb_section][et_pb_section fb_built=&#8221;1&#8243; _builder_version=&#8221;3.19.1&#8243; custom_padding=&#8221;32px|0px|0|0px|false|false&#8221;][et_pb_row custom_padding=&#8221;27px|0px|0|0px|false|false&#8221; _builder_version=&#8221;3.19.1&#8243;][et_pb_column type=&#8221;4_4&#8243; _builder_version=&#8221;3.19.1&#8243; parallax=&#8221;off&#8221; parallax_method=&#8221;on&#8221;][et_pb_text _builder_version=&#8221;3.19.1&#8243;]</p>
<p><span style="font-family: inherit; font-weight: normal; font-size: x-large;"><strong><span style="color: #e09c0b;">Áreas de investigación</span> </strong></span></p>
<p>[/et_pb_text][/et_pb_column][/et_pb_row][et_pb_row custom_padding=&#8221;45px|0px|0|0px|false|false&#8221; _builder_version=&#8221;3.19.1&#8243;][et_pb_column type=&#8221;4_4&#8243; _builder_version=&#8221;3.19.1&#8243; parallax=&#8221;off&#8221; parallax_method=&#8221;on&#8221;][et_pb_text _builder_version=&#8221;3.19.1&#8243;]</p>
<ul>
<li><span style="font-size: medium; font-family: inherit;"><strong>Organización del trabajo y el impacto en la Salud y Seguridad de los trabajadores</strong></span></li>
</ul>
<p>.</p>
<p>[/et_pb_text][/et_pb_column][/et_pb_row][et_pb_row custom_padding=&#8221;0|0px|35px|0px|false|false&#8221; _builder_version=&#8221;3.19.1&#8243;][et_pb_column type=&#8221;4_4&#8243; _builder_version=&#8221;3.19.1&#8243; parallax=&#8221;off&#8221; parallax_method=&#8221;on&#8221;][et_pb_text _builder_version=&#8221;3.19.1&#8243;]</p>
<ul>
<li><span style="font-size: medium;"><strong>Ergonomía y Género</strong></span></li>
</ul>
<p><span style="font-size: large;"><strong></strong></span></p>
<p><span style="font-size: large;"><strong></strong></span></p>
<ul>
<li><span style="font-size: medium;"><strong>Formación en ergonomía</strong></span></li>
</ul>
<p><span style="font-size: large;"><strong></strong></span></p>
<p>[/et_pb_text][/et_pb_column][/et_pb_row][et_pb_row custom_padding=&#8221;0|0px|4px|0px|false|false&#8221; _builder_version=&#8221;3.19.1&#8243;][et_pb_column type=&#8221;4_4&#8243; _builder_version=&#8221;3.19.1&#8243; parallax=&#8221;off&#8221; parallax_method=&#8221;on&#8221;][et_pb_text _builder_version=&#8221;3.19.1&#8243;]</p>
<ul>
<li><span style="font-size: medium;"><strong>Fisiología del trabajo</strong></span></li>
</ul>
<p>[/et_pb_text][/et_pb_column][/et_pb_row][et_pb_row _builder_version=&#8221;3.19.1&#8243;][et_pb_column type=&#8221;4_4&#8243; _builder_version=&#8221;3.19.1&#8243; parallax=&#8221;off&#8221; parallax_method=&#8221;on&#8221;][et_pb_text _builder_version=&#8221;3.19.1&#8243;]</p>
<ul>
<li><span style="font-size: medium;"><strong>Ergonomía y Sindicalismo</strong></span></li>
</ul>
<p>[/et_pb_text][/et_pb_column][/et_pb_row][et_pb_row _builder_version=&#8221;3.19.1&#8243;][et_pb_column type=&#8221;4_4&#8243; _builder_version=&#8221;3.19.1&#8243; parallax=&#8221;off&#8221; parallax_method=&#8221;on&#8221;][et_pb_text _builder_version=&#8221;3.19.1&#8243;]</p>
<ul>
<li><span style="font-size: medium;"><strong>Antropometría y Biomecánica Ocupacional</strong></span></li>
</ul>
<p>[/et_pb_text][/et_pb_column][/et_pb_row][et_pb_row _builder_version=&#8221;3.19.1&#8243;][et_pb_column type=&#8221;4_4&#8243; _builder_version=&#8221;3.19.1&#8243; parallax=&#8221;off&#8221; parallax_method=&#8221;on&#8221;][et_pb_text _builder_version=&#8221;3.19.1&#8243;]</p>
<p><span style="font-size: x-large; color: #e09900;"><strong>Proyectos de investigación en curso</strong></span></p>
<p>[/et_pb_text][/et_pb_column][/et_pb_row][et_pb_row custom_padding=&#8221;27px|0px|0|0|false|false&#8221; _builder_version=&#8221;3.19.1&#8243;][et_pb_column type=&#8221;1_2&#8243; _builder_version=&#8221;3.19.1&#8243; parallax=&#8221;off&#8221; parallax_method=&#8221;on&#8221;][et_pb_text _builder_version=&#8221;3.19.1&#8243; inline_fonts=&#8221;Times New Roman,Georgia&#8221;]</p>
<p><span style="font-size: x-large;"><b>1)DIUDA ATA22376</b></span></p>
<p><span style="font-size: x-large;"> </span><span style="background-color: #ffffff; font-size: x-large;">Título del proyecto de investigación DIUDA ATA 22376:</span></p>
<p><em style="font-size: 24px; font-weight: bold;">“Las condiciones de trabajo en establecimientos educacionales: una investigación en Ergonomía y Género”</em></p>
<p><span style="font-size: x-large;">Investigadora responsable: <em>Mg. Pamela Astudillo Cornejo. </em></span></p>
<p><span style="font-size: x-large;">Co-investigador: <em>Mg. Carlos Ibarra Villanueva. </em></span></p>
<p><span style="font-size: x-large;"></span></p>
<p>[/et_pb_text][/et_pb_column][et_pb_column type=&#8221;1_6&#8243; _builder_version=&#8221;3.19.1&#8243; parallax=&#8221;off&#8221; parallax_method=&#8221;on&#8221;][et_pb_gallery gallery_ids=&#8221;2811&#8243; _builder_version=&#8221;3.19.1&#8243;][/et_pb_gallery][/et_pb_column][et_pb_column type=&#8221;1_6&#8243; _builder_version=&#8221;3.19.1&#8243; parallax=&#8221;off&#8221; parallax_method=&#8221;on&#8221;][et_pb_gallery gallery_ids=&#8221;2808&#8243; _builder_version=&#8221;3.19.1&#8243;][/et_pb_gallery][/et_pb_column][et_pb_column type=&#8221;1_6&#8243; _builder_version=&#8221;3.19.1&#8243; parallax=&#8221;off&#8221; parallax_method=&#8221;on&#8221;][/et_pb_column][/et_pb_row][et_pb_row _builder_version=&#8221;3.19.1&#8243;][et_pb_column type=&#8221;4_4&#8243; _builder_version=&#8221;3.19.1&#8243; parallax=&#8221;off&#8221; parallax_method=&#8221;on&#8221;][et_pb_text _builder_version=&#8221;3.19.1&#8243;]</p>
<p><span style="font-family: inherit; font-weight: normal; font-size: medium;"><strong><em>2) <span class="il">DIUDA</span> 22395</em></strong></span></p>
<p><span style="font-family: inherit; font-weight: normal; font-size: medium;"><strong><em>“Diagnóstico ergonómico del riesgo de  Trastornos músculo-esqueléticos en trabajadores de micro y pequeñas empresas de la ciudad de Copiapó: Una investigación-acción para la transformación del trabajo.</em></strong></span></p>
<p><span style="font-family: inherit; font-weight: normal; font-size: x-large;"></span></p>
<p><span style="font-family: inherit; font-weight: normal; font-size: medium;">Investigador responsable: <b></b>Mg. Carlos Ibarra Villanueva</span></p>
<p><span style="font-family: inherit; font-weight: normal; font-size: medium;">Co-investigadora: . Mg. Pamela Astudillo Cornejo. </span></p>
<p><span style="font-size: x-large;"><strong></strong></span></p>
<p>[/et_pb_text][/et_pb_column][/et_pb_row][et_pb_row _builder_version=&#8221;3.19.1&#8243; custom_padding=&#8221;27px|0px|27px|0|false|false&#8221;][et_pb_column type=&#8221;4_4&#8243; _builder_version=&#8221;3.19.1&#8243; parallax=&#8221;off&#8221; parallax_method=&#8221;on&#8221;][et_pb_text _builder_version=&#8221;3.19.1&#8243;]</p>
<p><span style="font-size: medium;"><strong>3)Adjudicación de Proyectos de investigación e innovación en prevención de accidentes y enfermedades profesionales SUSESO </strong></span></p>
<p><span style="font-size: medium;"><strong>Comprender la cultura preventiva en educación: diagnóstico sobre la prevención de riesgos en escuelas adheridas al Instituto de Seguridad Laboral.</strong></span></p>
<p><span style="font-size: medium;"><strong></strong></span></p>
<p><span style="font-size: medium;">Investigadora principal: Mg. Pamela Astudillo Cornejo, Departamento de Kinesiología</span></p>
<p><span style="font-size: medium;">Investigador alterno: Mg. Carlos Ibarra Villanueva, Departamento de Kinesiología</span></p>
<p><span style="font-size: medium;">Investigador: Dr. Ricardo Jorquera Departamento de Psicología</span></p>
<p><span style="font-size: medium;"> </span></p>
<p><span style="font-size: x-large;"><strong></strong></span></p>
<p>[/et_pb_text][/et_pb_column][/et_pb_row][/et_pb_section][et_pb_section fb_built=&#8221;1&#8243; _builder_version=&#8221;3.19.1&#8243; custom_padding=&#8221;0|0px|54px|0px|false|false&#8221;][/et_pb_section][et_pb_section fb_built=&#8221;1&#8243; _builder_version=&#8221;3.19.1&#8243; custom_padding=&#8221;0|0px|0|0px|false|false&#8221;][/et_pb_section]</p>

<p>[et_pb_section fb_built=&#8221;1&#8243; admin_label=&#8221;section&#8221; _builder_version=&#8221;3.0.47&#8243; custom_padding=&#8221;54px|0px|10px|0px|false|false&#8221;][et_pb_row custom_padding=&#8221;76px|0|5px|0px|false|false&#8221; admin_label=&#8221;row&#8221; _builder_version=&#8221;3.19.1&#8243; background_size=&#8221;initial&#8221; background_position=&#8221;top_left&#8221; background_repeat=&#8221;repeat&#8221;][et_pb_column type=&#8221;1_2&#8243; _builder_version=&#8221;3.19.1&#8243; parallax=&#8221;off&#8221; parallax_method=&#8221;on&#8221;][et_pb_text _builder_version=&#8221;3.19.1&#8243;] Lineas de investigación [/et_pb_text][/et_pb_column][et_pb_column type=&#8221;1_2&#8243; _builder_version=&#8221;3.19.1&#8243; parallax=&#8221;off&#8221; parallax_method=&#8221;on&#8221;][/et_pb_column][/et_pb_row][et_pb_row _builder_version=&#8221;3.19.1&#8243;][et_pb_column type=&#8221;4_4&#8243; _builder_version=&#8221;3.19.1&#8243; parallax=&#8221;off&#8221; parallax_method=&#8221;on&#8221;][et_pb_text _builder_version=&#8221;3.19.1&#8243;] El Programa de Ergonomía trabaja en investigaciones que tributan a las líneas recientemente creadas del Departamento de Kinesiología:  L2 Ergonomía y L3 Salud Ocupacional según [&hellip;]</p>
